f v?
4
What is the hundreds digit of 5/((-15)/6) + 311?
3
Let n = -1 - -12. Suppose 2*u - 4*c + 26 = u, -u - n = -c. What is the tens digit of (u/(-9))/(3/144)?
3
What is the hundreds digit of (-2104)/(-1) - (-27 + 29)?
1
Let m(v) = 307*v + 1. Suppose r - 4 = q, 2*q - 24 = 3*q - 5*r. Let d be m(q). What is the tens digit of (d/(-21))/(2/(-6))?
4
Suppose 112*h - 117*h = -4330. What is the tens digit of h?
6
Suppose -41*z + 3459 = 3*f - 44*z, 0 = -f + 5*z + 1161. What is the tens digit of f?
5
Let z(x) = 172*x**3 + 9*x**2 - 2*x. What is the hundreds digit of z(2)?
4
Suppose -1189 = -4*x - 2*j + 3697, 2*x - 5*j = 2437. What is the units digit of x?
1
Suppose 2*l - 5*q = 8 - 22, -5*l - 12 = -q. Let n be (0 - 1 - -5)/l. What is the tens digit of -2 - (0 - (14 - n))?
1
Let n(o) = o + 23. Let r be n(-19). Suppose -4*y - 2*c = -5*c - 195, -4*c = r. What is the tens digit of y?
4
Let m(x) = -x**2 - 9*x - 5. Let a be m(-10). Let p = a + 15. Suppose -4*j + 68 = -p*j. What is the tens digit of j?
1
Let c(g) = 27*g**2 - 49*g + 9. What is the hundreds digit of c(9)?
7
Let c(j) be the third derivative of j**5/6 - 5*j**4/24 + 2*j**3/3 + 22*j**2. What is the tens digit of c(4)?
4
Let n(k) = 100*k + 21. Let m be n(4). Suppose 0 = -b + l + 212, -2*b - l + m = -0*l. What is the units digit of b?
1
Let d(w) = -w**3 + 10*w**2 - 8*w - 22. Let s be d(9). Let f = 38 + s. What is the tens digit of f?
2
Suppose 3*y + 4*u - 17 = 0, 4*y - 36 - 4 = -u. What is the units digit of (-2604)/(-72) - (y/(-6) - -2)?
6
Let m(y) = 29*y + 79. What is the units digit of m(14)?
5
Let z = 13 - 13. Let h be z*(-3)/6*1. Suppose h = 2*g - 34 - 100. What is the units digit of g?
7
Let a(d) be the first derivative of -3*d**4/2 - 2*d**3 + 2*d**2 + 2*d + 3. What is the tens digit of a(-3)?
9
Let z = 53 + -12. What is the units digit of z?
1
Suppose 0 = -b - 69 + 363. Suppose f - 3*f = -b. What is the tens digit of f?
4
Suppose -4 = -f + 4. Let h be (-4)/6 - f/(-3). Suppose -h*u = -3*u + 2. What is the units digit of u?
2
Suppose 6*v - 668 = 802. What is the tens digit of v?
4
Let t(v) = v + 25. Let r be t(-20). Suppose 2*c + 2 = 10. Suppose r*g = d + 3*d + 188, 2*g - 64 = -c*d. What is the tens digit of g?
3
Let f(d) = -369*d + 7. What is the hundreds digit of f(-2)?
7
Let v(s) = s**2 + 5*s - 2. Let q be v(-10). Let a = 112 - q. What is the units digit of a?
4
Let o = 1 + 1. Let l(r) = r**2 - 9*r + 14. Let v be l(7). Suppose o*w + 3*w - 195 = v. What is the tens digit of w?
3
Let f(c) = 4*c**3 - 41*c**2 + 5*c + 20. What is the units digit of f(13)?
4
Suppose 3*y - y = 2*h + 162, h + 3*y + 81 = 0. Let g = -17 - h. What is the units digit of g?
4
Suppose 0 = 4*r - 6*r - 64. Let v = 33 + r. What is the units digit of v?
1
Suppose -4*m - 5 = -5*m, 730 = 5*j + m. Let t = j - 66. What is the units digit of t?
9
Suppose 0 = 3*z + 3, 0*h - 2*z = -3*h + 68. Let i = 58 + h. What is the tens digit of i?
8
Let a be 1/((-10)/(-15) + 7/(-15)). Suppose -2*c = -5*j - 262, 0 = -3*c - a*j + 560 - 167. What is the tens digit of c?
3
Let r = 93 + -74. Let n(y) = -y**2 + 26*y - 15. What is the units digit of n(r)?
8
Let j(u) = u**3 - 20*u**2 - 24*u + 106. What is the units digit of j(23)?
1
Suppose 2*t = 3*t + 4*p, 0 = p. Let a be (-7 + -37)*(-1)/(-2). Let z = t - a. What is the units digit of z?
2
Let j be -2 - -3 - -1 - -207. Let h = j - 59. What is the hundreds digit of h?
1
Let m(g) = 2*g + 37. Let j be m(15). Suppose 3 - j = -4*p. What is the units digit of p?
6
Suppose 3*s + 640 = 4*s + 4*m, 5*s + 2*m = 3128. What is the tens digit of s?
2
Suppose 4*t - 4 + 8 = 0. Let z(s) = -s**3 + 12*s**2 - 19*s - 10. Let r be z(10). What is the tens digit of (t - -1 - r) + 33?
3
Let q = 15 - 15. Suppose -8*x + 68 + 84 = q. What is the tens digit of x?
1
Suppose 3*u - 1074 + 31 = 5*c, 4*c - 3*u + 832 = 0. Let a = c + 136. What is the tens digit of 5*(-5)/(a/114)?
3
Let p(w) = w**3 - 3*w**2 + 1. Let i be p(3). Let n be i/5 + (-441)/(-45). Let v = n - 5. What is the units digit of v?
5
Let l(w) be the third derivative of 6*w**2 + 0*w + 1/2*w**3 + 13/24*w**4 + 0. What is the units digit of l(3)?
2
Suppose 15481 = 25*h + 581. What is the tens digit of h?
9
What is the units digit of -2*(-34)/(-4)*-58?
6
Suppose -3*v = 3, -3*v + 8 = 3*z - 10. Suppose -n + z - 5 = 0. What is the units digit of 1/n*-4 - -10?
8
Let p(m) = -m**2 + m + 1. Let y(q) = -5*q**2 + 3*q + 13. Let i(l) = -6*p(l) + y(l). What is the tens digit of i(7)?
3
Suppose 20*t - 11901 = 18679. What is the units digit of t?
9
Let x = 112 + 350. Suppose -21 - x = -7*u. What is the tens digit of u?
6
Let k(b) = -b**2 + 2*b + 1. Let t be k(1). What is the tens digit of 94/(3 - t) + 4?
9
Let o(u) = -609*u - 71. What is the tens digit of o(-2)?
4
Let o be -1 + 1 + 0 + 5/(-1). What is the hundreds digit of 3 + (3 - (-176 - o))?
1
Let l(s) = 2*s**3 - 11*s**2 + 2*s - 8. Suppose 5 = -3*v + 17. Let k be v - ((-1 - -2) + -3). What is the units digit of l(k)?
0
What is the hundreds digit of 1422 + (-7 + 103)/12?
4
Suppose 2*b - 5564 = -4*l, l + 2798 = 3*l - 3*b. What is the thousands digit of l?
1
Suppose 5*g = r + 13, 0*r - g + 5 = r. What is the units digit of ((-3)/(-3) - -51) + (r - 0)?
4
Let f be (1720/(-60))/(1/(-3)). Let h = -12 + f. What is the tens digit of h?
7
Suppose -s - 3*s - 7 = -5*f, -2 = -s + 2*f. Suppose -5*h = -12 + 72. What is the units digit of (-1)/(-1) + (s - h)?
5
Suppose -7*f = -9*f. Suppose -3*n + 3*d + 702 = f, 0 = -4*n - 14*d + 10*d + 904. What is the hundreds digit of n?
2
Let t = -667 - -2010. What is the units digit of t?
3
Let x = 24 + -17. Let g be (-14)/56 + x/(-4). Let r = 4 - g. What is the units digit of r?
6
Let y(g) = 9*g**2 + 86*g - 23. What is the tens digit of y(9)?
8
Let l(q) = 5*q**3 - 2*q**2 + 5*q + 7. Suppose -9*f = -12 - 15. What is the tens digit of l(f)?
3
Suppose -33*i - 1857 = -34*i - 2*q, 0 = -4*q - 12. What is the tens digit of i?
6
Let x be (-2 - (-1 + 3)) + 8 - 2. Let p be 6/9 - 34/(-3). Suppose -x*i - 4*a = -p, 1 + 2 = -3*a. What is the units digit of i?
8
Suppose -2*p = -5*w - 1397, 5*p - 599 - 2876 = -5*w. What is the hundreds digit of p?
6
Let w be (32/(-48))/(2/(-750)). Suppose 4*i + w = 9*i. What is the units digit of i?
0
What is the units digit of (-2)/((-36)/(-3)) + 69181/42?
7
Let f(s) = -s + 3. Let a be f(4). What is the tens digit of (-5 - -4)/(a/10)?
1
Suppose 10 - 10 = -5*w. Suppose w*l + 69 = l. What is the tens digit of l?
6
Suppose u - 5*b + 9 = 0, -5*u + 65 = -4*b + 5. Let p = u + -8. Let z = 23 - p. What is the tens digit of z?
1
Suppose 5*d = 4*w - 1369, 609 = 5*w + 4*d - 1092. What is the hundreds digit of w?
3
Suppose 18 = 4*c + 2*w, 4*c - 5 = w + 4. Suppose -c*k + k = -8. What is the units digit of k?
4
Let j(g) = -g**3 + 17*g**2 + 50*g + 63. What is the hundreds digit of j(19)?
2
Let c(b) = 7*b**2 - 4*b + 10. Suppose 6*x + 50 = 74. What is the hundreds digit of c(x)?
1
Let m(f) = f**3 - f**2 + 4*f - 4. Let s be m(3). Suppose -138 + s = -4*o. What is the units digit of o?
8
Let z = 573 + 74. What is the units digit of z?
7
Let x be (-11)/(-22) + (-6)/(-4). Suppose -o - x*o + 63 = 0. What is the tens digit of o?
2
Suppose -41*v - 21*v + 187798 = 0. What is the thousands digit of v?
3
Let g = 1197 - 635. Suppose 4*u - g = -h, 0*u + u = -2*h + 137. What is the tens digit of u?
4
Let c(u) = -138*u + 48. What is the units digit of c(-6)?
6
Let g = 19 + -13. Let c be g/27 - 1087/(-9). Suppose c = 5*f + 21. What is the units digit of f?
0
Let z(q) = -q**2 + 9*q - 14. Let i be z(7). Suppose -2*b + 169 + 11 = i. What is the tens digit of b?
9
Let w = -8 + 10. Suppose -3*a - 15 = 5*o - w, -4*a + 21 = -o. What is the units digit of 1/((o/12)/(-5))?
2
Suppose -y - 18 = y. Let m = 16 - y. Suppose -2*u - m = -115. What is the units digit of u?
5
Let w = 20 + -24. Let x be (-4)/w + -4 + 8. Suppose -132 = 2*p - x*p. What is the tens digit of p?
4
Let q(u) = 6*u + 184. What is the tens digit of q(-26)?
2
Suppose 376 + 199 = 5*w. Let o(x) = -x**3 - 6*x**2 - 4*x - 7. Let c be o(-7). Suppose w = 5*k - c. What is the units digit of k?
7
Suppose 4*y + 0 = 8. Suppose 0 = -2*u + y + 2. Suppose 0 = 4*d + u*a - 148, -2*a - 31 = -d - a. What is the units digit of d?
5
Suppose 3*u - u + 2*q = 4, 0 = -2*u - 4*q + 2. What is th